{"id":32,"date":"2018-01-09T23:19:32","date_gmt":"2018-01-09T22:19:32","guid":{"rendered":"http:\/\/xystus.at\/laurenz\/?page_id=32"},"modified":"2018-01-12T20:00:29","modified_gmt":"2018-01-12T19:00:29","slug":"ankauf","status":"publish","type":"page","link":"https:\/\/www.laurenz.co.at\/index.php\/ankauf\/","title":{"rendered":"Ankauf"},"content":{"rendered":"<div id=\"content\">\n<p><span style=\"color: #ff0000; font-size: 14pt;\"><em><strong>wir kaufen st\u00e4ndig..<\/strong><\/em><\/span><\/p>\n<hr \/>\n<p>Wir sind permanent auf der Suche nach leerstehenden und unsanierten Wohnungen in gut gelegenen Stilaltbauh\u00e4usern, einzeln oder im Paket.<\/p>\n<p>Au\u00dferdem kaufen wir auch komplette Zinsh\u00e4user, der Focus liegt hierbei\u00a0im Bereich Stilaltbauh\u00e4user, die um 1900 und fr\u00fcher errichtet wurden und entweder zu G\u00e4nze leer stehen oder nur einen geringen\u00a0Vermietungsgrad aufweisen.<\/p>\n<p>St\u00e4ndig suchen wir auch Rohdachb\u00f6den in Zinsh\u00e4usern, deren Allgemeinfl\u00e4chen wir nach dem hochwertigen Ausbau vereinbarungsgem\u00e4\u00df teilweise oder zur G\u00e4nze sanieren und wenn nicht vorhanden, einen Lift einbauen.<\/p>\n<p>Sollten Sie ein Objekt zu verkaufen haben, als Eigent\u00fcmer oder auch als Makler, so w\u00fcrden wir uns freuen, wenn Sie uns dieses anbieten k\u00f6nnten, wir sind jederzeit f\u00fcr Besichtigungen erreichbar und sind nat\u00fcrlich auch gerne bereit die Honorare der Immobilienmakler zu zahlen.<\/p>\n<p>Also z\u00f6gern Sie nicht, rufen Sie uns an und vereinbaren Sie einen unverbindlichen Termin oder senden Sie uns Informationen per E-Mail,\u00a0wir\u00a0kontaktieren sie zuverl\u00e4ssig.<\/p>\n<hr \/>\n<div><strong>Infoline:<\/strong><\/div>\n<div>Peter Mayer, Gf 0664 \u2013 393 20 13<\/div>\n<div><\/div>\n<div>Anton R. De Icco, 0664 &#8211; 38 17 061 (Immobilientreuh\u00e4nder &#8211; De Icco Immobilien)<\/div>\n<div><\/div>\n<\/div>\n","protected":false},"excerpt":{"rendered":"<p>wir kaufen st\u00e4ndig.. Wir sind permanent auf der Suche nach leerstehenden und unsanierten Wohnungen in gut gelegenen Stilaltbauh\u00e4usern, einzeln oder im Paket. Au\u00dferdem kaufen wir auch komplette Zinsh\u00e4user, der Focus liegt hierbei\u00a0im Bereich Stilaltbauh\u00e4user, die um 1900 und fr\u00fcher errichtet wurden und entweder zu G\u00e4nze leer stehen oder nur einen geringen\u00a0Vermietungsgrad aufweisen. St\u00e4ndig suchen wir [&hellip;]<\/p>\n<p class=\"more-link\"><a href=\"https:\/\/www.laurenz.co.at\/index.php\/ankauf\/\"  class=\"themebutton\">Read More<\/a><\/p>\n","protected":false},"author":2,"featured_media":66,"parent":0,"menu_order":0,"comment_status":"closed","ping_status":"closed","template":"","meta":[],"categories":[],"tags":[],"_links":{"self":[{"href":"https:\/\/www.laurenz.co.at\/index.php\/wp-json\/wp\/v2\/pages\/32"}],"collection":[{"href":"https:\/\/www.laurenz.co.at\/index.php\/wp-json\/wp\/v2\/pages"}],"about":[{"href":"https:\/\/www.laurenz.co.at\/index.php\/wp-json\/wp\/v2\/types\/page"}],"author":[{"embeddable":true,"href":"https:\/\/www.laurenz.co.at\/index.php\/wp-json\/wp\/v2\/users\/2"}],"replies":[{"embeddable":true,"href":"https:\/\/www.laurenz.co.at\/index.php\/wp-json\/wp\/v2\/comments?post=32"}],"version-history":[{"count":7,"href":"https:\/\/www.laurenz.co.at\/index.php\/wp-json\/wp\/v2\/pages\/32\/revisions"}],"predecessor-version":[{"id":1800,"href":"https:\/\/www.laurenz.co.at\/index.php\/wp-json\/wp\/v2\/pages\/32\/revisions\/1800"}],"wp:featuredmedia":[{"embeddable":true,"href":"https:\/\/www.laurenz.co.at\/index.php\/wp-json\/wp\/v2\/media\/66"}],"wp:attachment":[{"href":"https:\/\/www.laurenz.co.at\/index.php\/wp-json\/wp\/v2\/media?parent=32"}],"wp:term":[{"taxonomy":"category","embeddable":true,"href":"https:\/\/www.laurenz.co.at\/index.php\/wp-json\/wp\/v2\/categories?post=32"},{"taxonomy":"post_tag","embeddable":true,"href":"https:\/\/www.laurenz.co.at\/index.php\/wp-json\/wp\/v2\/tags?post=32"}],"curies":[{"name":"wp","href":"https:\/\/api.w.org\/{rel}","templated":true}]}}